{"id":32,"date":"2025-03-07T16:25:28","date_gmt":"2025-03-07T16:25:28","guid":{"rendered":"https:\/\/eduardojordao.com\/?page_id=32"},"modified":"2025-03-25T22:12:21","modified_gmt":"2025-03-25T22:12:21","slug":"events","status":"publish","type":"page","link":"https:\/\/eduardojordao.com\/?page_id=32","title":{"rendered":"Projetos"},"content":{"rendered":"\n<figure class=\"wp-block-embed is-type-video is-provider-youtube wp-block-embed-youtube wp-embed-aspect-16-9 wp-has-aspect-ratio\"><div class=\"wp-block-embed__wrapper\">\n<iframe loading=\"lazy\" title=\"20FINGERS - De Mozart a Chico Buarque\/ FIPA\" width=\"940\" height=\"529\" src=\"https:\/\/www.youtube.com\/embed\/1wxJ2_qlaCw?feature=oembed\" frameborder=\"0\" allow=\"accelerometer; autoplay; clipboard-write; encrypted-media; gyroscope; picture-in-picture; web-share\" referrerpolicy=\"strict-origin-when-cross-origin\" allowfullscreen><\/iframe>\n<\/div><\/figure>\n\n\n\n\n\n<figure class=\"wp-block-embed is-type-video is-provider-youtube wp-block-embed-youtube wp-embed-aspect-16-9 wp-has-aspect-ratio\"><div class=\"wp-block-embed__wrapper\">\n<iframe loading=\"lazy\" title=\"Eduardo Jord\u00e3o &amp; Solistas de Lisboa - Vera Cruz\" width=\"940\" height=\"529\" src=\"https:\/\/www.youtube.com\/embed\/dFWTLHu3PRY?feature=oembed\" frameborder=\"0\" allow=\"accelerometer; autoplay; clipboard-write; encrypted-media; gyroscope; picture-in-picture; web-share\" referrerpolicy=\"strict-origin-when-cross-origin\" allowfullscreen><\/iframe>\n<\/div><\/figure>\n\n\n\n\n\n<figure class=\"wp-block-embed is-type-video is-provider-youtube wp-block-embed-youtube wp-embed-aspect-16-9 wp-has-aspect-ratio\"><div class=\"wp-block-embed__wrapper\">\n<iframe loading=\"lazy\" title=\"Gestos - \u00c1lbum Did\u00e1tico para Jovens Pianistas\" width=\"940\" height=\"529\" src=\"https:\/\/www.youtube.com\/embed\/3h1jnLZjrfQ?feature=oembed\" frameborder=\"0\" allow=\"accelerometer; autoplay; clipboard-write; encrypted-media; gyroscope; picture-in-picture; web-share\" referrerpolicy=\"strict-origin-when-cross-origin\" allowfullscreen><\/iframe>\n<\/div><\/figure>\n\n\n\n<div class=\"wp-block-group is-content-justification-center is-nowrap is-layout-flex wp-container-core-group-is-layout-35f56f29 wp-block-group-is-layout-flex\">\n\n\n<p class=\"has-small-font-size\"><strong>&#8220;Gestos&#8221;<\/strong> \u00e9 um \u00e1lbum cuidadosamente elaborado para jovens pianistas, concebido com a inten\u00e7\u00e3o de desenvolver tanto a t\u00e9cnica quanto a express\u00e3o musical desde o in\u00edcio dos estudos. Composto por uma s\u00e9rie de pe\u00e7as envolventes e educativas, este \u00e1lbum guia o estudante atrav\u00e9s dos fundamentos do piano de maneira clara e acess\u00edvel.<\/p>\n<\/div>\n\n\n\n<div class=\"wp-block-group is-nowrap is-layout-flex wp-container-core-group-is-layout-ad2f72ca wp-block-group-is-layout-flex\"><\/div>\n\n\n\n<p class=\"has-white-color has-text-color has-link-color has-normal-font-size wp-elements-b6d5f86d80c0dcf4a017ba52a7375fe0\"><strong>Que amor n\u00e3o me engana<\/strong><br>com Luanda Cozetti (voz) e Norton Daiello (baixo)<\/p>\n","protected":false},"excerpt":{"rendered":"<p>&#8220;Gestos&#8221; \u00e9 um \u00e1lbum cuidadosamente elaborado para jovens pianistas, concebido com a inten\u00e7\u00e3o de desenvolver tanto a t\u00e9cnica quanto a express\u00e3o musical desde o in\u00edcio dos estudos. Composto por uma s\u00e9rie de pe\u00e7as envolventes e<span class=\"more-button\"><a href=\"https:\/\/eduardojordao.com\/?page_id=32\" class=\"more-link\">Continue reading<span class=\"screen-reader-text\">Projetos<\/span><i class=\"fa fa-angle-right\" aria-hidden=\"true\"><\/i><\/a><\/span><\/p>\n","protected":false},"author":1,"featured_media":0,"parent":0,"menu_order":0,"comment_status":"closed","ping_status":"closed","template":"full-width","meta":{"saved_in_kubio":true,"footnotes":""},"class_list":["post-32","page","type-page","status-publish","hentry"],"kubio_ai_page_context":{"short_desc":"","purpose":"general"},"_links":{"self":[{"href":"https:\/\/eduardojordao.com\/index.php?rest_route=\/wp\/v2\/pages\/32","targetHints":{"allow":["GET"]}}],"collection":[{"href":"https:\/\/eduardojordao.com\/index.php?rest_route=\/wp\/v2\/pages"}],"about":[{"href":"https:\/\/eduardojordao.com\/index.php?rest_route=\/wp\/v2\/types\/page"}],"author":[{"embeddable":true,"href":"https:\/\/eduardojordao.com\/index.php?rest_route=\/wp\/v2\/users\/1"}],"replies":[{"embeddable":true,"href":"https:\/\/eduardojordao.com\/index.php?rest_route=%2Fwp%2Fv2%2Fcomments&post=32"}],"version-history":[{"count":6,"href":"https:\/\/eduardojordao.com\/index.php?rest_route=\/wp\/v2\/pages\/32\/revisions"}],"predecessor-version":[{"id":433,"href":"https:\/\/eduardojordao.com\/index.php?rest_route=\/wp\/v2\/pages\/32\/revisions\/433"}],"wp:attachment":[{"href":"https:\/\/eduardojordao.com\/index.php?rest_route=%2Fwp%2Fv2%2Fmedia&parent=32"}],"curies":[{"name":"wp","href":"https:\/\/api.w.org\/{rel}","templated":true}]}}